and 20?
20
What is the greatest common factor of 24 and 408?
24
Calculate the greatest common divisor of 1635 and 165.
15
What is the highest common divisor of 546 and 78?
78
Calculate the greatest common factor of 110 and 120.
10
Calculate the greatest common factor of 21 and 49.
7
What is the highest common factor of 325 and 26?
13
Calculate the highest common divisor of 61 and 17263.
61
What is the highest common divisor of 70 and 98?
14
What is the highest common factor of 18 and 3609?
9
Calculate the highest common divisor of 3 and 49.
1
Calculate the highest common divisor of 36 and 486.
18
Calculate the greatest common factor of 575 and 225.
25
Calculate the highest common factor of 42 and 14.
14
Calculate the greatest common factor of 4346 and 954.
106
What is the highest common factor of 49704 and 8?
8
What is the highest common divisor of 74 and 111?
37
Calculate the greatest common factor of 612 and 748.
68
Calculate the greatest common factor of 55 and 319.
11
Calculate the highest common divisor of 33 and 451.
11
What is the highest common divisor of 1984 and 310?
62
Calculate the greatest common factor of 189 and 126.
63
Calculate the highest common divisor of 342 and 152.
38
What is the greatest common divisor of 504 and 1656?
72
Calculate the greatest common divisor of 64 and 96.
32
What is the highest common factor of 352 and 11?
11
What is the highest common divisor of 384 and 10208?
32
What is the highest common divisor of 170 and 10?
10
What is the highest common divisor of 8 and 4?
4
Calculate the greatest common factor of 3259 and 2.
1
Calculate the greatest common factor of 10 and 730.
10
What is the greatest common factor of 265 and 53?
53
Calculate the greatest common factor of 32 and 344.
8
What is the highest common divisor of 60 and 220?
20
Calculate the highest common factor of 14 and 854.
14
Calculate the highest common divisor of 1334 and 4.
2
Calculate the greatest common divisor of 675 and 108.
27
Calculate the greatest common factor of 1672 and 1748.
76
Calculate the greatest common factor of 54 and 1566.
54
What is the greatest common factor of 7 and 2051?
7
Calculate the highest common divisor of 55 and 15.
5
What is the greatest common divisor of 40 and 540?
20
What is the highest common factor of 294 and 42?
42
Calculate the highest common divisor of 316 and 4.
4
What is the highest common divisor of 111 and 1517?
37
What is the highest common factor of 16697 and 177?
59
Calculate the highest common factor of 338 and 4563.
169
Calculate the greatest common factor of 238 and 42.
14
Calculate the highest common factor of 120 and 150.
30
What is the highest common divisor of 612 and 558?
18
What is the greatest common factor of 285 and 1235?
95
What is the highest common factor of 300 and 72?
12
What is the greatest common divisor of 995 and 5771?
199
What is the greatest common divisor of 1325 and 125?
25
Calculate the greatest common divisor of 77 and 13.
1
Calculate the greatest common divisor of 537 and 1253.
179
Calculate the highest common factor of 1840 and 20.
20
Calculate the highest common factor of 1849 and 1.
1
Calculate the greatest common factor of 16 and 272.
16
Calculate the highest common divisor of 3933 and 114.
57
What is the greatest common divisor of 26 and 2067?
13
What is the greatest common divisor of 451 and 22?
11
What is the greatest common divisor of 3 and 945?
3
Calculate the greatest common factor of 3920 and 80.
80
Calculate the highest common divisor of 6 and 996.
6
Calculate the highest common divisor of 258 and 430.
86
What is the greatest common divisor of 1 and 24?
1
What is the highest common divisor of 8 and 632?
8
Calculate the highest common factor of 9 and 1179.
9
What is the highest common factor of 51 and 255?
51
What is the highest common factor of 624 and 3237?
39
Calculate the highest common divisor of 152 and 136.
8
What is the greatest common divisor of 213 and 2840?
71
What is the greatest common factor of 4 and 6964?
4
What is the highest common divisor of 39 and 143?
13
Calculate the highest common divisor of 270 and 7290.
270
Calculate the highest common divisor of 20 and 110.
10
What is the greatest common divisor of 1836 and 54?
54
Calculate the highest common divisor of 5752 and 8.
8
Calculate the greatest common divisor of 3762 and 114.
114
What is the highest common factor of 7 and 453?
1
What is the highest common divisor of 40 and 128?
8
What is the greatest common divisor of 12 and 1356?
12
Calculate the highest common factor of 9737 and 455.
91
Calculate the highest common factor of 608 and 228.
76
Calculate the highest common factor of 62 and 403.
31
Calculate the greatest common divisor of 12 and 26364.
12
What is the greatest common divisor of 39 and 156?
39
Calculate the highest common factor of 13 and 481.
13
What is the highest common divisor of 672 and 42?
42
What is the greatest common factor of 58 and 58?
58
What is the greatest common factor of 17 and 68?
17
Calculate the greatest common factor of 4 and 10.
2
What is the greatest common divisor of 3 and 2568?
3
Calculate the greatest common factor of 108 and 24.
12
Calculate the highest common factor of 4396 and 532.
28
What is the highest common divisor of 12 and 108?
12
What is the greatest common factor of 108 and 4?
4
What is the greatest common factor of 28 and 252?
28
Calculate the highest common divisor of 18312 and 168.
168
What is the highest common factor of 32 and 212?
4
What is the highest common divisor of 252 and 224?
28
Calculate the highest common factor of 27 and 4887.
27
Calculate the highest common divisor of 348 and 667.
29
What is the greatest common factor of 777 and 1887?
111
Calculate the greatest common factor of 198 and 18.
18
What is the greatest common factor of 246 and 150?
6
What is the highest common divisor of 5022 and 31?
31
What is the highest common factor of 15 and 5595?
15
What is the greatest common divisor of 15 and 155?
5
What is the greatest common divisor of 206 and 927?
103
Calculate the greatest common factor of 18 and 90.
18
What is the highest common divisor of 29 and 899?
29
Calculate the greatest common divisor of 4290 and 440.
110
What is the greatest common factor of 23 and 64331?
23
What is the greatest common divisor of 58 and 56086?
58
Calculate the greatest common factor of 2867 and 94.
47
What is the greatest common divisor of 34 and 85?
17
What is the highest common divisor of 5943 and 63?
21
Calculate the greatest common factor of 18064 and 48.
16
Calculate the greatest common divisor of 52032 and 192.
192
What is the greatest common divisor of 31 and 5239?
31
Calculate the highest common factor of 25 and 3.
1
Calculate the highest common factor of 14232 and 36.
12
What is the greatest common divisor of 32 and 928?
32
What is the greatest common factor of 25 and 50?
25
What is the highest common factor of 43 and 86?
43
What is the greatest common divisor of 480 and 15?
15
What is the greatest common divisor of 129 and 6063?
129
Calculate the highest common factor of 12 and 363.
3
Calculate the greatest common factor of 9 and 573.
3
Calculate the greatest common factor of 28 and 546.
14
Calculate the greatest common factor of 2676 and 108.
12
Calculate the highest common factor of 525 and 225.
75
Calculate the greatest common factor of 430 and 10406.
86
Calculate the greatest common divisor of 126 and 36.
18
What is the highest common divisor of 14 and 602?
14
Calculate the highest common divisor of 532 and 399.
133
Calculate the highest common divisor of 1376 and 36.
4
What is the highest common factor of 21177 and 181?
181
What is the greatest common divisor of 9 and 21051?
9
What is the highest common divisor of 135 and 45?
45
Calculate the highest common factor of 2456 and 921.
307
Calculate the greatest common factor of 11648 and 512.
128
What is the greatest common factor of 200 and 5800?
200
Calculate the highest common factor of 612 and 63.
9
Calculate the greatest common divisor of 98 and 84.
14
Calculate the highest common factor of 1265 and 1058.
23
Calculate the greatest common factor of 210 and 90.
30
Calculate the highest common factor of 4984 and 28.
28
What is the highest common factor of 598 and 221?
13
Calculate